4776*i - 109783. Give b(-23).
65
Let k(y) = -y**2 + 86*y + 4888. What is k(-39)?
13
Let s(u) = -2715*u + 27927. Give s(10).
777
Let u(q) = -5*q**2 + 10570*q + 31647. Calculate u(-3).
-108
Let k(c) = -c**2 + 415*c - 2807. Calculate k(6).
-353
Let z(i) = 35014*i - 665288. What is z(19)?
-22
Let m(j) = 8*j**2 + 1659*j + 2360. What is m(-206)?
94
Let o(g) = 2*g**2 - 9*g - 2066. Determine o(0).
-2066
Let x(m) = m**2 + 70*m - 13169. Give x(-155).
6
Let p(h) = -h**3 - 225*h**2 + 3019*h - 17915. What is p(-238)?
-65
Let k(g) = -58*g**3 + 3949*g**2 - 278*g - 4224. Determine k(68).
-8
Let i(x) = 1450725*x - 5802886. What is i(4)?
14
Let v(w) = 3*w**2 + 449*w + 12451. Calculate v(-32).
1155
Let u(t) = -5*t**3 - 22*t**2 - 38*t - 200. Determine u(-5).
65
Let u(v) = -4*v**3 + 3*v**2 - 126*v - 435. Calculate u(-4).
373
Let y(g) = g**2 - 2988*g - 2360421. Calculate y(-649).
-8
Let k(p) = -2*p**3 - 28*p**2 + 1583*p - 60. Calculate k(22).
-82
Let d(w) = -10*w**3 - 63*w**2 - 121*w + 166. What is d(-3)?
232
Let q(l) = 2*l**2 - 6898*l - 90149. What is q(-13)?
-137
Let c(l) = -l**2 - 197*l + 31454. What is c(-296)?
2150
Let j(h) = -115*h**2 + 638*h + 8899. Determine j(12).
-5
Let d(n) = n**2 + 145*n + 6722. What is d(-87)?
1676
Let m(h) = 2*h**2 + 113*h - 22282. Determine m(81).
-7
Let h(b) = -26*b**3 - 9*b**2 - 107*b - 573. What is h(-5)?
2987
Let p(d) = -3*d**2 - 36*d + 365. Determine p(8).
-115
Let c(j) = j**3 + 123*j**2 - 260*j + 301. Calculate c(-125).
1551
Let q(h) = 22*h**2 - 1356*h - 2752. Give q(-2).
48
Let l(k) = -910*k - 22204. What is l(-24)?
-364
Let k(h) = -7339*h - 22063. What is k(-3)?
-46
Let m(y) = y**3 - 306*y**2 - 1570*y + 293832. Determine m(308).
0
Let d(z) = -1678*z + 208189. Give d(124).
117
Let l(w) = 5*w**3 - 11*w**2 - 107*w + 412. Calculate l(7).
839
Let o(c) = 2715*c**3 - 8*c**2 + 23*c - 11. What is o(1)?
2719
Let r(u) = -15*u**3 - 108*u**2 - 13*u + 15. Determine r(-7).
-41
Let y(a) = 46700*a + 1214233. Determine y(-26).
33
Let i(t) = t**3 + 26*t**2 - 742*t + 188. What is i(17)?
1
Let i(q) = 4*q**3 + 10*q**2 + 3546*q + 24574. Determine i(-7).
-1130
Let h(o) = -894*o + 3398. Calculate h(5).
-1072
Let g(r) = 118737*r + 118734. Determine g(-1).
-3
Let s(i) = -2844*i - 17035. Give s(-6).
29
Let c(g) = -88*g**2 - 631*g - 97. What is c(-8)?
-681
Let w(s) = 23*s**3 + 65*s**2 - 966*s + 900. Calculate w(1).
22
Let x(w) = -7*w**2 - 653*w + 2222170. Calculate x(-612).
-2
Let d(o) = o**3 + 74*o**2 - 18*o + 16325. What is d(-77)?
-76
Let l(d) = 2*d**3 + 77*d**2 + 400*d - 397. Determine l(-32).
115
Let y(f) = 15567*f**2 + 2*f + 76. Determine y(0).
76
Let g(d) = -41*d**2 + 1451*d + 42. Calculate g(35).
602
Let i(j) = -7693*j - 25129. Give i(-3).
-2050
Let t(s) = -s**3 - 80*s**2 - 1503*s - 30. Give t(-51).
1194
Let l(j) = -3*j**2 - 272*j + 1368. What is l(5)?
-67
Let t(g) = -228239*g - 228150. What is t(-1)?
89
Let u(v) = -2357*v**2 + 16605*v - 719. Give u(7).
23
Let o(b) = b**3 + 8*b**2 - 624*b - 5020. What is o(-25)?
-45
Let d(x) = x**2 - 10549*x + 210587. Give d(20).
7
Let w(c) = -384*c**2 + 4199*c + 57. Give w(11).
-218
Let k(s) = -3*s**2 + 274*s - 9484. Determine k(51).
-3313
Let i(p) = -293*p - 9085. What is i(-33)?
584
Let p(q) = -98*q - 6251. Give p(-62).
-175
Let t(k) = -k**3 - 248*k**2 + 12538*k + 7286. Determine t(-291).
11
Let m(n) = -1123*n**2 - 1059*n + 60. Calculate m(-1).
-4
Let l(f) = -5*f**3 - 253*f**2 + 159*f + 2878. What is l(-51)?
-29
Let m(o) = o**2 + 334*o - 24577. What is m(62)?
-25
Let d(f) = 1598*f - 7989. Give d(5).
1
Let z(k) = -k**3 - 65*k**2 - 1011*k + 88. Calculate z(-39).
-29
Let k(m) = 3*m**2 + 222*m - 1463. What is k(-84)?
1057
Let v(d) = 22744*d - 8210597. Calculate v(361).
-13
Let q(r) = -269*r + 14485. Give q(51).
766
Let v(y) = y**2 + 19221*y - 384810. Determine v(20).
10
Let h(o) = -5*o**2 - 183*o + 381129. What is h(-295)?
-11
Let u(a) = -11*a**2 - 4861*a + 80578. Give u(16).
-14
Let r(s) = 5*s**3 + 135*s**2 - 1001*s - 424. What is r(-33)?
-61
Let z(y) = -4*y**3 + 62*y**2 - 210*y + 153. What is z(3)?
-27
Let o(x) = 18*x**2 - 27*x - 2626. What is o(14)?
524
Let s(h) = -10878*h + 1816659. Determine s(167).
33
Let y(c) = 3*c**3 + 227*c**2 - 154*c - 5931. Calculate y(-76).
-3
Let d(u) = 406*u + 104304. Give d(-257).
-38
Let s(j) = -24*j**3 - 436*j**2 - 23*j + 898. What is s(-18)?
16
Let w(m) = 37649*m - 3501305. Determine w(93).
52
Let f(m) = -820*m + 98398. Calculate f(120).
-2
Let x(d) = 22771*d - 160102. Give x(7).
-705
Let n(l) = -324*l + 27312. What is n(86)?
-552
Let k(m) = 1139*m - 3619. What is k(4)?
937
Let k(y) = y**2 + 238*y + 3321. Give k(-15).
-24
Let v(m) = m**3 - 54*m**2 - 764*m - 2122. Give v(-8).
22
Let q(y) = -301*y**2 - 1646*y + 93. What is q(-5)?
798
Let z(p) = 5*p**2 + 307*p - 1826. What is z(-67)?
50
Let f(x) = -17418*x + 52242. Calculate f(3).
-12
Let h(o) = 21*o**3 - 7457*o**2 + 672*o + 13494. Give h(355).
4
Let k(o) = 5*o**2 + 3643*o + 659160. Determine k(-394).
-2
Let d(r) = 2*r**2 + 1006*r + 121422. What is d(-302)?
18
Let k(h) = -h**2 - 1308*h - 407614. Calculate k(-512).
-62
Let w(g) = -3174*g + 733196. Determine w(231).
2
Let l(b) = 10*b**3 + 89*b**2 - 500*b + 432. Determine l(-13).
3
Let n(y) = -2720*y + 46151. Determine n(17).
-89
Let j(p) = 255*p**2 + 6353*p - 10. Calculate j(-24).
-5602
Let a(r) = -15*r**3 - 1725*r**2 - 7*r - 445. Determine a(-115).
360
Let o(k) = -k**3 + 226*k**2 - 10145*k - 1380. What is o(62)?
46
Let a(y) = -63997*y - 384103. Calculate a(-6).
-121
Let j(s) = -2*s**2 - 190101*s + 570318. Determine j(3).
-3
Let j(y) = y**3 - 29*y**2 + 105*y - 2499. Give j(28).
-343
Let r(h) = 75*h - 669. Determine r(12).
231
Let o(p) = 57881*p + 3878022. Calculate o(-67).
-5
Let k(f) = 4*f**2 + 493*f + 12152. What is k(-78)?
-1966
Let d(g) = -4622*g - 610105. What is d(-132)?
-1
Let h(s) = 24*s**2 + 2082*s - 2097. Give h(1).
9
Let y(m) = 8*m**2 - 6*m - 353. Determine y(-6).
-29
Let q(r) = 8*r**2 - 3489*r + 13788. What is q(4)?
-40
Let j(f) = -297*f**2 + 2589*f + 735. Calculate j(9).
-21
Let l(q) = -12*q**3 - 67*q**2 + 4*q - 45. Give l(-6).
111
Let p(c) = -c**2 + 245*c + 7663. What is p(-28)?
19
Let m(k) = -4*k**3 - 75*k**2 + 241*k + 1102. What is m(-21)?
10
Let w(d) = 2*d**3 + 28*d**2 - 88*d - 24. What is w(-17)?
-262
Let r(t) = 3784*t - 26616. Calculate r(7).
-128
Let s(l) = 146*l**2 - 2971*l - 114. Calculate s(20).
-1134
Let u(s) = -130418*s + 130612. Give u(1).
194
Let i(j) = j**3 + 180*j**2 + 5799*j + 97. Give i(-42).
-29
Let l(w) = w**3 + 45*w**2 + 273*w - 1449. Give l(-11).
-338
Let g(t) = t**2 + 520*t - 74348. Determine g(117).
181
Let v(c) = 29155*c + 174259. What is v(-6)?
-671
Let x(c) = -577*c**2 + 54231*c + 652. Give x(94).
-6
Let h(d) = d**3 + 1896*d - 3805. Calculate h(2).
-5
Let h(o) = o**3 - 28*o**2 - 370*o + 11109. Give h(23).
-46
Let t(q) = q**3 + 118*q**2 + 1747*q + 41. Determine t(-17).
-469
Let m(h) = 1616*h - 19397. Give m(12).
-5
Let g(d) = -d**2 - 291*d - 12667. What is g(-244)?
-1199
Let z(v) = 5093*v - 56013. Give z(11).
10
Let a(h) = 3*h**2 - 12310*h - 86265. Determine a(-7).
52
Let o(d) = 2*d**2 - 192*d - 2000. Determine o(113).
1842
Let k(u) = -13885*u**2 - 4831980*u - 5. Give k(-348).
-5
Let n(v) = -816*v**3 + 23664*v**2 - v - 142. Calculate n(29).
-171
Let z(f) = f**2 + 4551*f - 206812. Calculate z(45).
8
Let c(b) = b**3 + 146*b**2 - 360*b + 12841. What is c(-149)?
-122
Let y(r) = -44915*r + 988116. Determine y(22).
-14
Let n(c) = 701*c - 1378. Determine n(2).
24
Let u(o) = -o**2 + 183*o + 4786. What is u(-23)?
48
Let v(q) = 9*q**2 + 409*q - 869. Calculate v(-48).
235
Let t(y) = -24641*y - 75498. Give t(-3).
-1575
Let b(h) = 5*h**2 + 178*h - 13423. What is b(37)?
8
Let k(n) = 2*n**3 + 175*n**2 + 383*n + 25774. What is k(-87)?
22
Let k(a) = -3*a**3 + 2048*a**2 - 264186*a + 3069. Determine k(510).
9
Let f(k) = -399682*k - 8393328. Determine f(-21).
-6
Let j(y) = -27*y**3 + 28*y + 58. What is j(-2)?
218
Let j(k) = -15*k**3 - 85*k**2 + 167*k + 861. What is j(-6)?
39
Let z(k) = -k**3 - 562*k**2 - 10296*k + 6. Calculate z(-19).
-393
Let q(x) = -6*x**3 - 1260*x**2 + 19*x + 4010. Determine q(-210).
20
Let r(u) = 1570*u - 444303. Determine r(283).
7
Let g(z) = -3*z**2 + 71*z + 5812. What is g(57)?
112
Let y(j) = -j**2 + 38*j + 303. Calculate y(-8).
-65
Let 